or of 78 and h.
2
Let l(v) = 2*v - 5. Let z be l(4). Suppose -331*n - 336 = -345*n. Calculate the greatest common divisor of n and z.
3
Let o(r) = r + 10*r - 14*r + 1 + 5. Let t be o(-3). Suppose 0*x + 4*x - 24 = 0. What is the greatest common divisor of t and x?
3
Suppose -2*p = 2*p - 12. Suppose 4*w - 3*r - 21 = 0, 0*w = -3*w - p*r. Let y be 23/w - (-12)/(-18). Calculate the highest common divisor of 35 and y.
7
Let f(y) = 11*y**2 + 11*y - 1. Let x be f(-2). What is the greatest common divisor of x and 49?
7
Suppose 0 = 3*s - 86 + 68. Calculate the greatest common factor of 16 and s.
2
Let f be 2/8 + (-777)/(-28). Let x be ((-20)/(-20))/(2/f). What is the greatest common factor of 42 and x?
14
Suppose 0 = -i + 2 - 4. Let s be i*(3 + -4) + 8. Let y(f) = 26*f**3 - 2*f + 1. Let r be y(1). Calculate the highest common divisor of s and r.
5
Suppose -4*c = -3*n + 1238, -1656 = -4*n - 0*n + 4*c. Let a = -456 - -494. Calculate the highest common factor of n and a.
38
Let d be (6/(-8))/(-1*4/96). Let g be 30/24*4 + 7. Calculate the greatest common divisor of g and d.
6
Let z(j) = 5*j**2 + j + 34. Let n be z(0). What is the highest common divisor of n and 272?
34
Suppose 4*s - 1726 = 2*n, -3*s - 2*n + 7*n = -1312. Let r be 26/91 - (-1626)/42. Calculate the highest common factor of r and s.
39
Suppose -734 = -5*f + 166. What is the highest common divisor of 855 and f?
45
Let f be (1 + 9)*630/30. Calculate the greatest common factor of f and 42.
42
Let v = 13 + 187. What is the greatest common factor of 8 and v?
8
Let o be (856/(-16))/(2/(-4)) - -4. Calculate the highest common factor of o and 3.
3
Let h be (-126)/2*(-178)/267. Calculate the highest common divisor of h and 70.
14
Let k be (-1)/(-6) + 212/24. Suppose 42 = k*o - 7*o. Suppose 3*j + 35 = 8*j. Calculate the greatest common divisor of j and o.
7
Let z = 212 + -199. What is the greatest common divisor of 143 and z?
13
Suppose 14*k - 19*k - 55 = 0. Let h(a) = 2*a**2 + 4*a - 18. Let c be h(k). Let p = 79 - 43. Calculate the greatest common divisor of p and c.
36
Let f = -50 + 56. Let o be ((-66)/(-18) - 3)/((-2)/(-144)). What is the highest common divisor of f and o?
6
Let f = 47 - -387. Calculate the greatest common factor of 124 and f.
62
Let y be 1/(2/6 + 1005/(-3042)). Calculate the highest common divisor of y and 52.
26
Let p = 10 - -8. Let d be 0 + 2 - (-1 - 0). Suppose -f - 4*w - d = 0, 6*f + 3*w = 4*f + 9. Calculate the greatest common factor of f and p.
9
Suppose 3*u + 3 = 0, 4*j - 11*u - 141 = -6*u. Suppose 11 + 6 = d. What is the greatest common divisor of j and d?
17
Let p = -43 + 60. Suppose 2*n + 3 = p. Let w be 5/(15/(-21))*-1. What is the greatest common divisor of w and n?
7
Let v = 887 - 524. Let w be (189/(-12) - 6/8)*-2. Calculate the greatest common factor of w and v.
33
Let d = 289 + -271. Let m = -236 - -608. Suppose m = -n + 5*n - 3*s, 3*n - s - 274 = 0. Calculate the greatest common factor of d and n.
18
Suppose b - 1584 = -3*b. Let a(z) = -2*z - 2. Let x be a(-19). What is the greatest common factor of x and b?
36
Let x = -1147 + 1367. Calculate the highest common factor of 30 and x.
10
Let i(o) = -3*o + 1 - 5 + o**2 + 2*o - 4. Let d be i(4). Suppose -2*r + 5*r + 449 = d*p, -425 = -4*p - 5*r. What is the highest common divisor of p and 11?
11
Suppose -4*n = 3*k - 145, -21 = k + n - 69. Calculate the highest common divisor of 235 and k.
47
Suppose 1081 = 14*s - 1383. Calculate the greatest common divisor of s and 154.
22
Suppose 49*g - 4653 = 2*g. What is the greatest common divisor of 2673 and g?
99
Let f(s) = 3*s**2 + 9*s - 7. Let j be f(1). Calculate the highest common divisor of j and 25.
5
Let q(l) = l**3 - 13*l**2 - 64*l + 39. Let n be q(17). What is the greatest common divisor of 2033 and n?
107
Suppose -24*g = -23*g - 3*q + 5, -3*g - 2*q + 40 = 0. Let f = 70 + -40. Calculate the greatest common divisor of g and f.
10
Let n be (-197 + 477)*2*1/5. Calculate the greatest common divisor of n and 84.
28
Let c(x) = 4*x**2 - 2*x**2 - 6*x - 6 - 3*x**2. Let j be c(-3). Suppose -j*w - 5*s = -164, w - 88 = -s - 36. What is the greatest common divisor of w and 32?
16
Let y(r) = 71*r**2 - 6*r + 5. Let f be y(1). Let z be (-66)/(-4) + 2/4. Suppose 2*k - 11 - z = 0. What is the highest common factor of f and k?
14
Suppose 2*i + 5*t = -i - 14, 5*i - 6 = -t. Suppose -b = -i*b + 15. Calculate the highest common factor of b and 30.
15
Suppose 10 = 2*d, 4*d = -h - 0*d + 40. Let u = 40 - h. What is the highest common factor of 20 and u?
20
Suppose w = -4*w. Suppose 3*q = 5*i - 11 - 7, w = 4*q + 3*i + 24. Let l = 14 + q. Calculate the highest common divisor of 88 and l.
8
Let a = 254 + -246. Calculate the highest common factor of a and 792.
8
Suppose 396 = 2*g + 10*f - 13*f, g - 4*f = 208. What is the greatest common divisor of g and 24?
24
Suppose 339 + 33 = 31*b. Suppose 2*d = -d + 108. Calculate the greatest common factor of d and b.
12
Let j = -21 - -230. Suppose 3*b = 2*d - 66 + j, -d + 56 = b. What is the greatest common factor of b and 34?
17
Let m be 12272/48 - (-2)/(-3). Let k(z) = -z**3 - 9*z**2 + 11*z + 12. Let v be k(-10). Suppose -m = -v*n - 39. What is the greatest common factor of 12 and n?
12
Let t = -105 - -193. Suppose -6 = 2*v + n, 2 = -4*n - 14. Let f = v + 9. What is the highest common factor of t and f?
8
Let i = 304 + -160. Suppose -l - 4*l + 135 = 0. Suppose -4*g = 2*o - 3*g - l, 3*o + 3*g - 33 = 0. What is the highest common divisor of i and o?
16
Suppose -5*a + 342 - 91 = -3*i, -12 = -4*i. What is the greatest common divisor of a and 4?
4
Suppose 2*l - 3*l - 2 = 0. Let m be -4 - (-5 - l - 181). Calculate the highest common factor of 30 and m.
30
Let w = -72 + 116. What is the highest common factor of 198 and w?
22
Suppose -359 = -4*m - d - 98, 0 = -2*m - 2*d + 126. What is the highest common factor of 264 and m?
66
Suppose -5*o - j + 774 = -4*j, 5*o - 778 = j. Calculate the greatest common factor of 208 and o.
52
Suppose -4*u + 6*u = 26. Let k = -169 - -287. Let o be k/1 - (2 + -1). What is the highest common divisor of o and u?
13
Let u be 3/4 + 23229/356. Calculate the highest common divisor of 121 and u.
11
Suppose 3*z - 272 = 2*s, 0*s + s = -2*z + 172. Suppose -42 - z = -2*g. Calculate the highest common factor of 26 and g.
13
Let l(g) = 70*g**2 - 26*g + 6. Let z be l(-3). What is the greatest common factor of z and 42?
42
Let i(n) = -65*n**3 - 4*n**2 - 5*n - 9. Let g be i(-2). Calculate the highest common factor of g and 303.
101
Let c = -19 - -12. Let o be (2/3)/(c/(-336)). Calculate the highest common divisor of o and 4.
4
Let d(g) = g**3 - 12*g**2 + 29*g - 6. Let j be d(9). Let o be ((-9)/6)/(12/(-32)). Calculate the greatest common factor of o and j.
4
Let p(a) = -19*a + 2*a**2 + 5 - 20 + 29*a. Let k be p(-11). What is the highest common factor of 78 and k?
39
Let d(q) = -q**3 + q**2 - 3*q + 12. Let y be d(0). Let b = -3 + 9. What is the greatest common factor of y and b?
6
Let p be (-1310)/(-15)*-4*9/(-24). Let l = -89 + p. Calculate the highest common divisor of 6 and l.
6
Let j = 51 + -24. Suppose -3*u + 140 = -2*s + 32, u + 116 = -2*s. Let o = j - s. Calculate the highest common divisor of 21 and o.
21
Suppose -4*s = -a + 10, 6*a = 4*s + 3*a + 14. Let z be s*(38/(-4) + 2). Calculate the highest common divisor of 15 and z.
15
Suppose -3*a - 6 = -3*q, -4*q + 8 = -3*a - 1. Calculate the highest common divisor of a and 11.
1
Let w = 137 + 101. What is the highest common divisor of 68 and w?
34
Let r(s) = 2*s**3 - 6*s**2 + 5*s + 2. Let h be r(2). Suppose -h*z + 6*z + 33 = p, p + 4*z - 9 = 0. What is the highest common divisor of p and 20?
5
Let u be -1 - 1 - 1 - -11. Suppose 5*w - 2*n - 762 = -0*n, 166 = w + 3*n. Let r = w - 98. Calculate the highest common factor of r and u.
8
Suppose 0 + 16 = 2*z. Suppose 2 - z = -2*n. Suppose t - 4 = -5*k - 0, -n*t - 4*k = -12. Calculate the highest common divisor of t and 20.
4
Let q(u) = -41*u**3 + u**2 - u + 1. Let b be q(1). Let i = b + 67. Calculate the greatest common factor of 9 and i.
9
Let v = 43 + 3. Let l = 111 - -211. Calculate the greatest common divisor of l and v.
46
Let b(l) = -l**3 + 6*l**2 - l + 2. Let p be b(6). Let s(a) = -37 - 26 - 28 - 5*a + 80. Let t be s(p). Calculate the highest common